{"id":7946,"date":"2023-07-04T10:00:48","date_gmt":"2023-07-04T07:00:48","guid":{"rendered":"https:\/\/kp.k12.tr\/lise\/?page_id=7946"},"modified":"2025-07-18T14:26:17","modified_gmt":"2025-07-18T11:26:17","slug":"9-sinifa-dogrudan-gecis-kesin-kayit-listesi","status":"publish","type":"page","link":"https:\/\/kp.k12.tr\/lise\/aday-ogrenci\/kayit-islemleri\/9-sinifa-dogrudan-gecis-kesin-kayit-listesi\/","title":{"rendered":"9. SINIFA DO\u011eRUDAN GE\u00c7\u0130\u015e KES\u0130N KAYIT L\u0130STES\u0130"},"content":{"rendered":"<div class=\"fusion-fullwidth fullwidth-box fusion-builder-row-1 fusion-flex-container nonhundred-percent-fullwidth non-hundred-percent-height-scrolling\" style=\"--awb-border-radius-top-left:0px;--awb-border-radius-top-right:0px;--awb-border-radius-bottom-right:0px;--awb-border-radius-bottom-left:0px;--awb-margin-top:60px;--awb-margin-bottom:60px;--awb-background-color:#fafafafa;--awb-flex-wrap:wrap;\" ><div class=\"fusion-builder-row fusion-row fusion-flex-align-items-flex-start fusion-flex-content-wrap\" style=\"max-width:1144px;margin-left: calc(-4% \/ 2 );margin-right: calc(-4% \/ 2 );\"><div class=\"fusion-layout-column fusion_builder_column fusion-builder-column-0 fusion_builder_column_1_1 1_1 fusion-flex-column card-1\" style=\"--awb-padding-top:5%;--awb-padding-right:5%;--awb-padding-bottom:5%;--awb-padding-left:5%;--awb-bg-color:#ffffff;--awb-bg-color-hover:#ffffff;--awb-bg-size:cover;--awb-width-large:100%;--awb-margin-top-large:0px;--awb-spacing-right-large:1.92%;--awb-margin-bottom-large:20px;--awb-spacing-left-large:1.92%;--awb-width-medium:100%;--awb-spacing-right-medium:1.92%;--awb-spacing-left-medium:1.92%;--awb-width-small:100%;--awb-spacing-right-small:1.92%;--awb-spacing-left-small:1.92%;\"><div class=\"fusion-column-wrapper fusion-flex-justify-content-flex-start fusion-content-layout-column\"><div class=\"fusion-title title fusion-title-1 fusion-sep-none fusion-title-text fusion-title-size-one\" style=\"--awb-margin-bottom:20px;--awb-margin-top-small:10px;--awb-margin-right-small:0px;--awb-margin-bottom-small:10px;--awb-margin-left-small:0px;\"><h1 class=\"fusion-title-heading title-heading-left fusion-responsive-typography-calculated\" style=\"margin:0;--fontSize:30;line-height:1.4;\"><p style=\"text-align: center;\">9. S\u0131n\u0131fa Do\u011frudan Ge\u00e7i\u015f Kesin Kay\u0131t Listesi<\/p><\/h1><\/div><div class=\"fusion-text fusion-text-1\"><p style=\"text-align: center;\"><strong>SAJEV \u00d6ZEL K\u00dc\u00c7\u00dcK PRENS L\u0130SES\u0130 <\/strong><\/p>\n<p style=\"text-align: center;\"><strong>2025-2026 E\u011e\u0130T\u0130M \u00d6\u011eRET\u0130M YILI 9. SINIFA DO\u011eRUDAN GE\u00c7\u0130\u015e KES\u0130N KAYIT L\u0130STES\u0130<\/strong><\/p>\n<\/div>\n<table width=\"284\">\n<tbody>\n<tr>\n<td width=\"92\">No<\/td>\n<td width=\"100\">Ad\u0131 Soyad\u0131<\/td>\n<td width=\"92\">Okul<\/td>\n<\/tr>\n<tr>\n<td>1<\/td>\n<td>Ha**********lu<\/td>\n<td>KP<\/td>\n<\/tr>\n<tr>\n<td>2<\/td>\n<td>Du**********e\u015f<\/td>\n<td>KP<\/td>\n<\/tr>\n<tr>\n<td>3<\/td>\n<td>Ef**********i\u00e7<\/td>\n<td>KP<\/td>\n<\/tr>\n<tr>\n<td>4<\/td>\n<td>Ok**********e\u015f<\/td>\n<td>KP<\/td>\n<\/tr>\n<tr>\n<td>5<\/td>\n<td>Su**********c\u0131<\/td>\n<td>KP<\/td>\n<\/tr>\n<tr>\n<td>6<\/td>\n<td>La**********il<\/td>\n<td>KP<\/td>\n<\/tr>\n<\/tbody>\n<\/table>\n<\/div><\/div><div class=\"fusion-layout-column fusion_builder_column fusion-builder-column-1 fusion_builder_column_1_1 1_1 fusion-flex-column\" style=\"--awb-bg-size:cover;--awb-width-large:100%;--awb-margin-top-large:0px;--awb-spacing-right-large:1.92%;--awb-margin-bottom-large:0px;--awb-spacing-left-large:1.92%;--awb-width-medium:100%;--awb-spacing-right-medium:1.92%;--awb-spacing-left-medium:1.92%;--awb-width-small:100%;--awb-spacing-right-small:1.92%;--awb-spacing-left-small:1.92%;\"><div class=\"fusion-column-wrapper fusion-flex-justify-content-flex-start fusion-content-layout-column\"><\/div><\/div><\/div><\/div>\n","protected":false},"excerpt":{"rendered":"","protected":false},"author":5,"featured_media":0,"parent":2550,"menu_order":0,"comment_status":"closed","ping_status":"closed","template":"","meta":{"_view_id":"","footnotes":""},"class_list":["post-7946","page","type-page","status-publish","hentry"],"jetpack_sharing_enabled":true,"_links":{"self":[{"href":"https:\/\/kp.k12.tr\/lise\/wp-json\/wp\/v2\/pages\/7946","targetHints":{"allow":["GET"]}}],"collection":[{"href":"https:\/\/kp.k12.tr\/lise\/wp-json\/wp\/v2\/pages"}],"about":[{"href":"https:\/\/kp.k12.tr\/lise\/wp-json\/wp\/v2\/types\/page"}],"author":[{"embeddable":true,"href":"https:\/\/kp.k12.tr\/lise\/wp-json\/wp\/v2\/users\/5"}],"replies":[{"embeddable":true,"href":"https:\/\/kp.k12.tr\/lise\/wp-json\/wp\/v2\/comments?post=7946"}],"version-history":[{"count":0,"href":"https:\/\/kp.k12.tr\/lise\/wp-json\/wp\/v2\/pages\/7946\/revisions"}],"up":[{"embeddable":true,"href":"https:\/\/kp.k12.tr\/lise\/wp-json\/wp\/v2\/pages\/2550"}],"wp:attachment":[{"href":"https:\/\/kp.k12.tr\/lise\/wp-json\/wp\/v2\/media?parent=7946"}],"curies":[{"name":"wp","href":"https:\/\/api.w.org\/{rel}","templated":true}]}}