{"id":4262,"date":"2019-08-23T10:49:00","date_gmt":"2019-08-23T07:49:00","guid":{"rendered":"http:\/\/kp.k12.tr\/lise\/?page_id=4262"},"modified":"2025-06-13T11:32:07","modified_gmt":"2025-06-13T08:32:07","slug":"yeterlilik-sinavi","status":"publish","type":"page","link":"https:\/\/kp.k12.tr\/lise\/aday-ogrenci\/yeterlilik-sinavi\/","title":{"rendered":"Yeterlilik S\u0131nav\u0131"},"content":{"rendered":"<div class=\"fusion-fullwidth fullwidth-box fusion-builder-row-1 fusion-flex-container nonhundred-percent-fullwidth non-hundred-percent-height-scrolling\" style=\"--awb-border-radius-top-left:0px;--awb-border-radius-top-right:0px;--awb-border-radius-bottom-right:0px;--awb-border-radius-bottom-left:0px;--awb-margin-top:60px;--awb-margin-bottom:60px;--awb-background-color:#fafafafa;--awb-flex-wrap:wrap;\" ><div class=\"fusion-builder-row fusion-row fusion-flex-align-items-flex-start fusion-flex-content-wrap\" style=\"max-width:1144px;margin-left: calc(-4% \/ 2 );margin-right: calc(-4% \/ 2 );\"><div class=\"fusion-layout-column fusion_builder_column fusion-builder-column-0 fusion_builder_column_1_1 1_1 fusion-flex-column card-1\" style=\"--awb-padding-top:5%;--awb-padding-right:5%;--awb-padding-bottom:5%;--awb-padding-left:5%;--awb-bg-color:#ffffff;--awb-bg-color-hover:#ffffff;--awb-bg-size:cover;--awb-width-large:100%;--awb-margin-top-large:0px;--awb-spacing-right-large:1.92%;--awb-margin-bottom-large:20px;--awb-spacing-left-large:1.92%;--awb-width-medium:100%;--awb-spacing-right-medium:1.92%;--awb-spacing-left-medium:1.92%;--awb-width-small:100%;--awb-spacing-right-small:1.92%;--awb-spacing-left-small:1.92%;\"><div class=\"fusion-column-wrapper fusion-flex-justify-content-flex-start fusion-content-layout-column\"><div class=\"fusion-title title fusion-title-1 fusion-sep-none fusion-title-text fusion-title-size-one\" style=\"--awb-margin-bottom:20px;--awb-margin-top-small:10px;--awb-margin-right-small:0px;--awb-margin-bottom-small:10px;--awb-margin-left-small:0px;\"><h1 class=\"fusion-title-heading title-heading-left fusion-responsive-typography-calculated\" style=\"margin:0;--fontSize:30;line-height:1.4;\">Yeterlilik S\u0131nav\u0131<\/h1><\/div><div class=\"fusion-text fusion-text-1\"><p class=\"p1\"><strong>Ba\u015fvuru D\u00f6nemi Sona Ermi\u015ftir.<\/strong><\/p>\n<p class=\"p1\">23 May\u0131s \u2013 12 Haziran 2025 tarihleri aras\u0131nda al\u0131nan \u0130\u00e7 S\u0131navla 9. S\u0131n\u0131fa Do\u011frudan Ge\u00e7i\u015f ba\u015fvurular\u0131 belirtilen s\u00fcre i\u00e7erisinde tamamlanm\u0131\u015ft\u0131r.Ba\u015fvuru s\u00fcrecine g\u00f6stermi\u015f oldu\u011funuz ilgi i\u00e7in te\u015fekk\u00fcr eder, t\u00fcm adaylara ba\u015far\u0131lar dileriz.<\/p>\n<p class=\"p4\">Adaylar\u0131n, belirtilen tarihler aras\u0131nda \u00e7evrim i\u00e7i ba\u015fvuru formunu doldurarak ba\u015fvurular\u0131n\u0131 tamamlamalar\u0131 gerekmektedir.<\/p>\n<h4><b>Ba\u015fvuru Belgeleri<\/b><b><\/b><\/h4>\n<p class=\"p3\">S\u0131nava ba\u015fvurmak isteyen adaylar\u0131n a\u015fa\u011f\u0131daki belgeleri eksiksiz olarak teslim etmeleri gerekmektedir:<\/p>\n<h4><b>S\u0131nav Ba\u015fvuru Dilek\u00e7esi\u00a0<\/b> <a href=\"https:\/\/kp.k12.tr\/?page_id=2651&amp;preview=true\">Dilek\u00e7eyi \u0130ndirmek \u0130\u00e7in T\u0131klay\u0131n\u0131z<\/a><\/h4>\n<h4><b>SAJEV KVKK Ayd\u0131nlatma ve A\u00e7\u0131k R\u0131za Metni<\/b> <a href=\"https:\/\/kp.k12.tr\/sajev-aday-kvkk-acik-riza-metni-2\/\">KVKK Ayd\u0131nlatma Metni \u0130\u00e7in T\u0131klay\u0131n\u0131z\u00a0<\/a><\/h4>\n<p><span class=\"s1\">\u0130\u00e7 S\u0131navla 9. S\u0131n\u0131fa Do\u011frudan Ge\u00e7i\u015f<\/span> kapsam\u0131nda ba\u015fvuruda bulunmak isteyen adaylar i\u00e7in <span class=\"s1\">Yeterlilik S\u0131nav\u0131<\/span> ba\u015fvuru ve uygulama takvimi a\u015fa\u011f\u0131da bilgilerinize sunulmu\u015ftur.<\/p>\n<\/div><div class=\"fusion-text fusion-text-2\"><div class=\"real3dflipbook\" id=\"58_69d63ef40a9e7\" style=\"position:absolute;\"><\/div>\n<\/div><\/div><\/div><div class=\"fusion-layout-column fusion_builder_column fusion-builder-column-1 fusion_builder_column_1_1 1_1 fusion-flex-column\" style=\"--awb-bg-size:cover;--awb-width-large:100%;--awb-margin-top-large:0px;--awb-spacing-right-large:1.92%;--awb-margin-bottom-large:0px;--awb-spacing-left-large:1.92%;--awb-width-medium:100%;--awb-spacing-right-medium:1.92%;--awb-spacing-left-medium:1.92%;--awb-width-small:100%;--awb-spacing-right-small:1.92%;--awb-spacing-left-small:1.92%;\"><div class=\"fusion-column-wrapper fusion-flex-justify-content-flex-start fusion-content-layout-column\"><\/div><\/div><\/div><\/div>\n","protected":false},"excerpt":{"rendered":"","protected":false},"author":5,"featured_media":0,"parent":67,"menu_order":0,"comment_status":"closed","ping_status":"closed","template":"","meta":{"_view_id":"","footnotes":""},"class_list":["post-4262","page","type-page","status-publish","hentry"],"jetpack_sharing_enabled":true,"_links":{"self":[{"href":"https:\/\/kp.k12.tr\/lise\/wp-json\/wp\/v2\/pages\/4262","targetHints":{"allow":["GET"]}}],"collection":[{"href":"https:\/\/kp.k12.tr\/lise\/wp-json\/wp\/v2\/pages"}],"about":[{"href":"https:\/\/kp.k12.tr\/lise\/wp-json\/wp\/v2\/types\/page"}],"author":[{"embeddable":true,"href":"https:\/\/kp.k12.tr\/lise\/wp-json\/wp\/v2\/users\/5"}],"replies":[{"embeddable":true,"href":"https:\/\/kp.k12.tr\/lise\/wp-json\/wp\/v2\/comments?post=4262"}],"version-history":[{"count":0,"href":"https:\/\/kp.k12.tr\/lise\/wp-json\/wp\/v2\/pages\/4262\/revisions"}],"up":[{"embeddable":true,"href":"https:\/\/kp.k12.tr\/lise\/wp-json\/wp\/v2\/pages\/67"}],"wp:attachment":[{"href":"https:\/\/kp.k12.tr\/lise\/wp-json\/wp\/v2\/media?parent=4262"}],"curies":[{"name":"wp","href":"https:\/\/api.w.org\/{rel}","templated":true}]}}