{"id":42,"date":"2018-01-18T08:19:25","date_gmt":"2018-01-18T08:19:25","guid":{"rendered":"http:\/\/kp.k12.tr\/lise\/egitim\/yonetmelikler\/proje-ve-performans-odevi-yonetmeligi\/"},"modified":"2019-08-23T10:30:52","modified_gmt":"2019-08-23T07:30:52","slug":"proje-ve-performans-odevi-yonetmeligi","status":"publish","type":"page","link":"https:\/\/kp.k12.tr\/lise\/akademik\/yonetmelikler\/proje-ve-performans-odevi-yonetmeligi\/","title":{"rendered":"Proje ve performans \u00f6devi y\u00f6netmeli\u011fi"},"content":{"rendered":"<div class=\"fusion-fullwidth fullwidth-box fusion-builder-row-1 fusion-flex-container nonhundred-percent-fullwidth non-hundred-percent-height-scrolling card-1\" style=\"--awb-border-radius-top-left:0px;--awb-border-radius-top-right:0px;--awb-border-radius-bottom-right:0px;--awb-border-radius-bottom-left:0px;--awb-margin-top:60px;--awb-margin-bottom:60px;--awb-flex-wrap:wrap;\" ><div class=\"fusion-builder-row fusion-row fusion-flex-align-items-flex-start fusion-flex-content-wrap\" style=\"max-width:calc( 1100px + 0px );margin-left: calc(-0px \/ 2 );margin-right: calc(-0px \/ 2 );\"><div class=\"fusion-layout-column fusion_builder_column fusion-builder-column-0 fusion_builder_column_1_1 1_1 fusion-flex-column\" style=\"--awb-padding-top:60px;--awb-padding-right:5%;--awb-padding-left:5%;--awb-bg-size:cover;--awb-width-large:100%;--awb-margin-top-large:0px;--awb-spacing-right-large:0px;--awb-margin-bottom-large:20px;--awb-spacing-left-large:0px;--awb-width-medium:100%;--awb-spacing-right-medium:0px;--awb-spacing-left-medium:0px;--awb-width-small:100%;--awb-spacing-right-small:0px;--awb-spacing-left-small:0px;\"><div class=\"fusion-column-wrapper fusion-flex-justify-content-flex-start fusion-content-layout-column\"><div class=\"fusion-builder-row fusion-builder-row-inner fusion-row fusion-flex-align-items-flex-start fusion-flex-content-wrap\" style=\"--awb-flex-grow:0;--awb-flex-grow-medium:0;--awb-flex-grow-small:0;--awb-flex-shrink:0;--awb-flex-shrink-medium:0;--awb-flex-shrink-small:0;width:calc( 100% + 0px ) !important;max-width:calc( 100% + 0px ) !important;margin-left: calc(-0px \/ 2 );margin-right: calc(-0px \/ 2 );\"><div class=\"fusion-layout-column fusion_builder_column_inner fusion-builder-nested-column-0 fusion_builder_column_inner_1_6 1_6 fusion-flex-column\" style=\"--awb-bg-size:cover;--awb-width-large:16.666666666667%;--awb-margin-top-large:0px;--awb-spacing-right-large:0px;--awb-margin-bottom-large:20px;--awb-spacing-left-large:0px;--awb-width-medium:100%;--awb-spacing-right-medium:0px;--awb-spacing-left-medium:0px;--awb-width-small:100%;--awb-spacing-right-small:0px;--awb-spacing-left-small:0px;\"><div class=\"fusion-column-wrapper fusion-flex-justify-content-flex-start fusion-content-layout-column\"><\/div><\/div><div class=\"fusion-layout-column fusion_builder_column_inner fusion-builder-nested-column-1 fusion_builder_column_inner_2_3 2_3 fusion-flex-column\" style=\"--awb-bg-size:cover;--awb-width-large:66.666666666667%;--awb-margin-top-large:0px;--awb-spacing-right-large:0px;--awb-margin-bottom-large:20px;--awb-spacing-left-large:0px;--awb-width-medium:100%;--awb-spacing-right-medium:0px;--awb-spacing-left-medium:0px;--awb-width-small:100%;--awb-spacing-right-small:0px;--awb-spacing-left-small:0px;\"><div class=\"fusion-column-wrapper fusion-flex-justify-content-flex-start fusion-content-layout-column\"><div class=\"fusion-title title fusion-title-1 fusion-sep-none fusion-title-text fusion-title-size-one\" style=\"--awb-margin-bottom:20px;--awb-margin-top-small:10px;--awb-margin-right-small:0px;--awb-margin-bottom-small:10px;--awb-margin-left-small:0px;\"><h1 class=\"fusion-title-heading title-heading-left fusion-responsive-typography-calculated\" style=\"margin:0;--fontSize:30;line-height:1.4;\">Proje ve Performans \u00d6devi<\/h1><\/div><div class=\"fusion-text fusion-text-1\"><p><strong>Performans \u00d6devi:<\/strong><\/p>\n<p>T\u00fcm derslerden her iki d\u00f6nemde de en az 1 tane performans \u00f6devi al\u0131n\u0131r ve ayn\u0131 d\u00f6nemde teslim edilir. Yani \u00f6\u011frencinin 12 dersi varsa 1. d\u00f6nem 12 &#8211; 2.d\u00f6nem 12 \u00f6dev al\u0131p teslim etmelidir.<\/p>\n<ul>\n<li>Ayn\u0131 s\u0131n\u0131ftaki t\u00fcm \u00f6\u011frenciler i\u00e7in konu ayn\u0131d\u0131r.<\/li>\n<li>Haz\u0131rlama S\u00fcresi 2-3 hafta kadard\u0131r.<\/li>\n<li>Kapsam\u0131; bir \u00fcnitenin bir konusu veya en fazla tamam\u0131 olabilir.<\/li>\n<li>Grup \u00e7al\u0131\u015fmas\u0131 olarak yap\u0131labilir.<\/li>\n<li>\u00d6\u011frencilerin derse haz\u0131rl\u0131klar\u0131, derse aktif kat\u0131l\u0131mlar\u0131 ve ders ile ilgili \u00e7al\u0131\u015fmalar\u0131 da (DERS ve KATLIM ) performans kapsam\u0131nda ayr\u0131ca de\u011ferlendirilecektir.( Milli E\u011fitim Bakanl\u0131\u011f\u0131 Orta\u00f6\u011fretim Kurumlar\u0131 Y\u00f6netmeli\u011fi 50 Maddenin 8. Bendi.)<\/li>\n<li>\u00d6\u011frencilerin ders y\u0131l\u0131 i\u00e7inde ulusal ve uluslararas\u0131 yar\u0131\u015fmalarda elde ettikleri ba\u015far\u0131lar, ilgili dersin proje veya performans \u00e7al\u0131\u015fmas\u0131 olarak tam puanla de\u011ferlendirilir. ( Milli E\u011fitim Bakanl\u0131\u011f\u0131 Orta\u00f6\u011fretim Kurumlar\u0131 Y\u00f6netmeli\u011fi 50 Maddenin 2. Bendi.)<\/li>\n<\/ul>\n<p><strong>Proje \u00d6devi:<\/strong><\/p>\n<p>\u00d6\u011frenciler her ders y\u0131l\u0131nda en az bir dersten proje haz\u0131rlama g\u00f6revini yerine getirirler. ( Milli E\u011fitim Bakanl\u0131\u011f\u0131 Orta\u00f6\u011fretim Kurumlar\u0131 Y\u00f6netmeli\u011fi 50 Maddenin 1. Bendi.)<\/p>\n<p>Y\u0131lda yaln\u0131zca 1 proje yap\u0131l\u0131r. 1.d\u00f6nem veya 2.d\u00f6nem al\u0131nabilir.1.d\u00f6nem al\u0131nan 1.d\u00f6nemde, 2 .d\u00f6nem al\u0131nan 2.d\u00f6nemde teslim edilir ve puan\u0131 o d\u00f6neme etki eder.<\/p>\n<ul>\n<li>Her \u00d6\u011frencinin Proje Konusu farkl\u0131d\u0131r.<\/li>\n<li>Ger\u00e7ekle\u015ftirme S\u00fcresi yakla\u015f\u0131k 1 d\u00f6nemdir.<\/li>\n<li>Kapsam\u0131 performans \u00f6devlerinden \u00e7ok fazlad\u0131r. Neredeyse k\u00fc\u00e7\u00fck birer teze benzerler. Bilimsel bir ara\u015ft\u0131rman\u0131n t\u00fcm basamaklar\u0131 bulunur.<\/li>\n<li>Grup \u00e7al\u0131\u015fmas\u0131 olarak yap\u0131labilir<\/li>\n<li>\u00d6\u011frencilerin ders y\u0131l\u0131 i\u00e7inde ulusal ve uluslararas\u0131 yar\u0131\u015fmalarda elde ettikleri ba\u015far\u0131lar, ilgili dersin proje veya performans \u00e7al\u0131\u015fmas\u0131 olarak tam puanla de\u011ferlendirilir. ( Milli E\u011fitim Bakanl\u0131\u011f\u0131 Orta\u00f6\u011fretim Kurumlar\u0131 Y\u00f6netmeli\u011fi 50 Maddenin 2. Bendi.)<\/li>\n<\/ul>\n<\/div><\/div><\/div><div class=\"fusion-layout-column fusion_builder_column_inner fusion-builder-nested-column-2 fusion_builder_column_inner_1_6 1_6 fusion-flex-column\" style=\"--awb-bg-size:cover;--awb-width-large:16.666666666667%;--awb-margin-top-large:0px;--awb-spacing-right-large:0px;--awb-margin-bottom-large:20px;--awb-spacing-left-large:0px;--awb-width-medium:100%;--awb-spacing-right-medium:0px;--awb-spacing-left-medium:0px;--awb-width-small:100%;--awb-spacing-right-small:0px;--awb-spacing-left-small:0px;\"><div class=\"fusion-column-wrapper fusion-flex-justify-content-flex-start fusion-content-layout-column\"><\/div><\/div><\/div><\/div><\/div><\/div><\/div>\n","protected":false},"excerpt":{"rendered":"","protected":false},"author":6,"featured_media":0,"parent":37,"menu_order":38,"comment_status":"closed","ping_status":"closed","template":"","meta":{"_view_id":"","footnotes":""},"class_list":["post-42","page","type-page","status-publish","hentry"],"jetpack_sharing_enabled":true,"_links":{"self":[{"href":"https:\/\/kp.k12.tr\/lise\/wp-json\/wp\/v2\/pages\/42","targetHints":{"allow":["GET"]}}],"collection":[{"href":"https:\/\/kp.k12.tr\/lise\/wp-json\/wp\/v2\/pages"}],"about":[{"href":"https:\/\/kp.k12.tr\/lise\/wp-json\/wp\/v2\/types\/page"}],"author":[{"embeddable":true,"href":"https:\/\/kp.k12.tr\/lise\/wp-json\/wp\/v2\/users\/6"}],"replies":[{"embeddable":true,"href":"https:\/\/kp.k12.tr\/lise\/wp-json\/wp\/v2\/comments?post=42"}],"version-history":[{"count":0,"href":"https:\/\/kp.k12.tr\/lise\/wp-json\/wp\/v2\/pages\/42\/revisions"}],"up":[{"embeddable":true,"href":"https:\/\/kp.k12.tr\/lise\/wp-json\/wp\/v2\/pages\/37"}],"wp:attachment":[{"href":"https:\/\/kp.k12.tr\/lise\/wp-json\/wp\/v2\/media?parent=42"}],"curies":[{"name":"wp","href":"https:\/\/api.w.org\/{rel}","templated":true}]}}