{"id":23,"date":"2018-01-18T08:07:20","date_gmt":"2018-01-18T08:07:20","guid":{"rendered":"http:\/\/kp.k12.tr\/lise\/egitim\/akademik-bolumler\/muzik\/"},"modified":"2024-03-28T20:54:14","modified_gmt":"2024-03-28T17:54:14","slug":"muzik","status":"publish","type":"page","link":"https:\/\/kp.k12.tr\/lise\/akademik\/akademik-bolumler\/muzik\/","title":{"rendered":"M\u00fczik"},"content":{"rendered":"<div class=\"fusion-fullwidth fullwidth-box fusion-builder-row-1 fusion-flex-container fusion-parallax-fixed nonhundred-percent-fullwidth non-hundred-percent-height-scrolling lazyload card-1\" style=\"--awb-background-blend-mode:overlay;--awb-border-radius-top-left:0px;--awb-border-radius-top-right:0px;--awb-border-radius-bottom-right:0px;--awb-border-radius-bottom-left:0px;--awb-padding-top:60px;--awb-padding-bottom:60px;--awb-background-color:rgba(255,255,255,0.88);--awb-background-size:cover;--awb-flex-wrap:wrap;background-attachment:fixed;\" data-bg=\"http:\/\/kp.k12.tr\/lise\/wp-content\/uploads\/sites\/2\/2018\/02\/sajev_lise_tarihBG.jpg\" ><div class=\"fusion-builder-row fusion-row fusion-flex-align-items-flex-start fusion-flex-content-wrap\" style=\"max-width:1144px;margin-left: calc(-4% \/ 2 );margin-right: calc(-4% \/ 2 );\"><div class=\"fusion-layout-column fusion_builder_column fusion-builder-column-0 fusion_builder_column_1_1 1_1 fusion-flex-column card-1\" style=\"--awb-padding-top:5%;--awb-padding-right:5%;--awb-padding-left:5%;--awb-bg-color:rgba(255,255,255,0.87);--awb-bg-color-hover:rgba(255,255,255,0.87);--awb-bg-size:cover;--awb-width-large:100%;--awb-margin-top-large:0px;--awb-spacing-right-large:1.92%;--awb-margin-bottom-large:0px;--awb-spacing-left-large:1.92%;--awb-width-medium:100%;--awb-spacing-right-medium:1.92%;--awb-spacing-left-medium:1.92%;--awb-width-small:100%;--awb-spacing-right-small:1.92%;--awb-spacing-left-small:1.92%;\"><div class=\"fusion-column-wrapper fusion-flex-justify-content-flex-start fusion-content-layout-column\"><div class=\"fusion-builder-row fusion-builder-row-inner fusion-row fusion-flex-align-items-flex-start fusion-flex-content-wrap\" style=\"--awb-flex-grow:0;--awb-flex-grow-medium:0;--awb-flex-grow-small:0;--awb-flex-shrink:0;--awb-flex-shrink-medium:0;--awb-flex-shrink-small:0;width:104% !important;max-width:104% !important;margin-left: calc(-4% \/ 2 );margin-right: calc(-4% \/ 2 );\"><div class=\"fusion-layout-column fusion_builder_column_inner fusion-builder-nested-column-0 fusion_builder_column_inner_2_3 2_3 fusion-flex-column\" style=\"--awb-bg-size:cover;--awb-width-large:66.666666666667%;--awb-margin-top-large:0px;--awb-spacing-right-large:2.88%;--awb-margin-bottom-large:20px;--awb-spacing-left-large:2.88%;--awb-width-medium:100%;--awb-spacing-right-medium:1.92%;--awb-spacing-left-medium:1.92%;--awb-width-small:100%;--awb-spacing-right-small:1.92%;--awb-spacing-left-small:1.92%;\"><div class=\"fusion-column-wrapper fusion-flex-justify-content-flex-start fusion-content-layout-column\"><div class=\"fusion-title title fusion-title-1 fusion-sep-none fusion-title-text fusion-title-size-one\" style=\"--awb-margin-bottom:20px;--awb-margin-top-small:10px;--awb-margin-right-small:0px;--awb-margin-bottom-small:10px;--awb-margin-left-small:0px;\"><h1 class=\"fusion-title-heading title-heading-left fusion-responsive-typography-calculated\" style=\"margin:0;--fontSize:30;line-height:1.4;\">M\u00fczik<\/h1><\/div><div class=\"fusion-text fusion-text-1\"><p><strong>M\u00fczik E\u011fitimi: Zihinsel, Duygusal, Sosyal ve K\u00fclt\u00fcrel Geli\u015fim \u0130\u00e7in Bir Yol<\/strong><\/p>\n<p>Geli\u015fen d\u00fcnyada, \u00f6\u011frencilere sa\u011flanan e\u011fitim f\u0131rsatlar\u0131 giderek \u00e7e\u015fitleniyor ve m\u00fczik e\u011fitimi de bu \u00e7e\u015fitlilik i\u00e7inde \u00f6nemli bir yer tutuyor. Okulumuzda m\u00fczik e\u011fitimi, \u00f6\u011frencilere sadece nota okuma ve enstr\u00fcman \u00e7alma becerileri kazand\u0131rmakla kalm\u0131yor, ayn\u0131 zamanda zihinsel, duygusal, sosyal ve k\u00fclt\u00fcrel y\u00f6nden geli\u015fimlerine de katk\u0131da bulunuyor.<\/p>\n<p>Ara\u015ft\u0131rmalar, m\u00fczikle ilgilenen \u00f6\u011frencilerin matematik becerilerinin geli\u015fti\u011fini g\u00f6stermektedir. Ritim ve melodilerle \u00e7al\u0131\u015fmak, \u00f6\u011frencilerin soyut d\u00fc\u015f\u00fcnme yeteneklerini geli\u015ftirir ve problem \u00e7\u00f6zme becerilerini g\u00fc\u00e7lendirir. Ayr\u0131ca, m\u00fczik ile ilgilenilmesi, \u00f6\u011frencilerin haf\u0131za ve konsantrasyonlar\u0131n\u0131 art\u0131rmaktad\u0131r.<\/p>\n<p><strong>Duygusal Geli\u015fimde M\u00fczi\u011fin Rol\u00fc<\/strong><\/p>\n<p>M\u00fczik, duygusal ifade ve anlam yaratma konusunda g\u00fc\u00e7l\u00fc bir ara\u00e7t\u0131r. \u00d6\u011frenciler, m\u00fczik arac\u0131l\u0131\u011f\u0131yla duygular\u0131n\u0131 ifade etmeyi \u00f6\u011frenirler. Enstr\u00fcman \u00e7alma veya \u015fark\u0131 s\u00f6yleme s\u00fcreci, \u00f6\u011frencilere duygusal bir ifade yolu sa\u011flar. Ayn\u0131 zamanda, grup i\u00e7inde m\u00fczik yapma deneyimi, \u00f6\u011frencilere i\u015f birli\u011fi ve empati yetenekleri kazand\u0131rmaktad\u0131r.<\/p>\n<p><strong>Sosyal Becerilerin Geli\u015fiminde M\u00fczi\u011fin \u00d6nemi<\/strong><\/p>\n<p>M\u00fczik e\u011fitimi, \u00f6\u011frencilere sosyal beceriler kazand\u0131rmada \u00f6nemli bir rol oynar. M\u00fczik, \u00f6\u011frenciler aras\u0131nda bir ba\u011f kurma ve birlikte \u00e7al\u0131\u015fma f\u0131rsat\u0131 tan\u0131r. Orkestra, korolar ve di\u011fer m\u00fczik gruplar\u0131, \u00f6\u011frencilere tak\u0131m \u00e7al\u0131\u015fmas\u0131 ve liderlik becerileri kazand\u0131rmada \u00e7ok etkili bir ara\u00e7t\u0131r. Ayn\u0131 zamanda, lobi konserleri, dinletiler ve t\u00f6renler gibi etkinlikler, \u00f6\u011frencilere sahne deneyimi kazand\u0131rarak kendilerini topluluk \u00f6n\u00fcnde ifade etme, bu do\u011frultuda sunum yeteneklerini geli\u015ftirme, heyecanlar\u0131n\u0131 kontrol etme gibi bir\u00e7ok geli\u015ftirici olgu a\u015f\u0131lar.<\/p>\n<p><strong>K\u00fclt\u00fcrel A\u00e7\u0131dan M\u00fczi\u011fin \u00d6nemi<\/strong><\/p>\n<p>M\u00fczik, farkl\u0131 k\u00fclt\u00fcrlerin benzersiz ifade bi\u00e7imlerini i\u00e7erir. \u00d6\u011frencilere farkl\u0131 m\u00fczik t\u00fcrleri, geleneksel enstr\u00fcmanlar ve ritimler arac\u0131l\u0131\u011f\u0131yla d\u00fcnya genelindeki k\u00fclt\u00fcrleri anlama \u015fans\u0131 tan\u0131r. Bu da \u00f6\u011frencilerin k\u00fclt\u00fcrel \u00e7e\u015fitlili\u011fi takdir etmelerini ve sayg\u0131 g\u00f6stermelerini sa\u011flar. Ayn\u0131 zamanda bir\u00e7ok etnik ve modern enstr\u00fcmanlar \u00fczerine bilgi aktar\u0131m\u0131 ve enstr\u00fcman seslerini dinleme y\u00f6ntemiyle \u00f6\u011frencilerin \u00e7e\u015fitli k\u00fclt\u00fcr ve enstr\u00fcmanlar\u0131 tan\u0131malar\u0131 sa\u011flan\u0131r.<\/p>\n<p>\u015eark\u0131 s\u00f6zleri ve m\u00fcziksel ifadeler, dil becerilerini geli\u015ftirme a\u00e7\u0131s\u0131ndan \u00f6nemli bir rol oynar. \u00d6\u011frenciler, farkl\u0131 dil yap\u0131lar\u0131n\u0131 ve kelime da\u011farc\u0131\u011f\u0131n\u0131 m\u00fczik arac\u0131l\u0131\u011f\u0131yla \u00f6\u011frenirler. Bu da dil becerilerini art\u0131rman\u0131n yan\u0131 s\u0131ra k\u00fclt\u00fcrel ifade ve ileti\u015fim yeteneklerini de g\u00fc\u00e7lendirir.<\/p>\n<p>Farkl\u0131 k\u00fclt\u00fcrlerin m\u00fczi\u011fi, \u00f6\u011frencilere empati yeteneklerini geli\u015ftirme \u015fans\u0131 verir. Ba\u015fka bir k\u00fclt\u00fcr\u00fcn m\u00fczi\u011fini anlamak, o k\u00fclt\u00fcr\u00fcn duygusal, tarihsel ve sosyal ba\u011flam\u0131n\u0131 anlamak anlam\u0131na gelir. Bu da \u00f6\u011frencilerin daha geni\u015f bir d\u00fcnya g\u00f6r\u00fc\u015f\u00fc kazanmalar\u0131na katk\u0131 sa\u011flar.<\/p>\n<p>T\u00fcrk ve Bat\u0131 m\u00fczi\u011fi bestecilerin hayatlar\u0131 ve eserleri \u00fczerine \u00e7e\u015fitli anlat\u0131mlar, dinleme ve ara\u015ft\u0131rmalarla \u00f6\u011frencilerin m\u00fczik k\u00fclt\u00fcr\u00fc y\u00f6n\u00fcnden de donan\u0131ml\u0131 bireyler olarak yeti\u015fmeleri hedeflenmektedir.<\/p>\n<p>K\u00fclt\u00fcrel y\u00f6nden m\u00fczi\u011fin bu etkileri, okulumuz m\u00fczik e\u011fitimi anlay\u0131\u015f\u0131nda \u00f6\u011frencilerin k\u00fclt\u00fcrel olarak zenginle\u015fmelerine ve geni\u015f bir perspektife sahip olmalar\u0131na katk\u0131da bulunur.<\/p>\n<p><strong>Lobi Konserleri ve Dinletiler: Topluma A\u00e7\u0131lan Pencereler<\/strong><\/p>\n<p>Okulumuzda \u00f6\u011frenci ve e\u011fitim personeli taraf\u0131ndan ilgiyle takip edilen lobi konserleri ve dinletiler, \u00f6\u011frencilere sahne deneyimi kazand\u0131rmakla kalmaz, ayn\u0131 zamanda toplumla etkile\u015fimde bulunma \u015fans\u0131 verir. Bu etkinlikler, \u00f6\u011frencilerin yeteneklerini sergilemelerini sa\u011flar ve ayn\u0131 zamanda m\u00fczi\u011fin birle\u015ftirici g\u00fcc\u00fcn\u00fc vurgular. Okulumuzda enstr\u00fcman icras\u0131 yapan her \u00f6\u011frenci yak\u0131ndan takip edilmekte, herhangi bir enstr\u00fcmana ilgisi olan \u00f6\u011frencilere ise alan\u0131nda uzman e\u011fitimcilerle \u00e7al\u0131\u015fma olana\u011f\u0131 sa\u011flan\u0131r.<\/p>\n<p>\u00d6\u011frencilerin geli\u015fim s\u00fcre\u00e7leri yak\u0131ndan takip edilerek her hafta d\u00fczenli olarak lobi konserleri ile arkada\u015flar\u0131na performanslar\u0131n\u0131 sergilerler. Bu \u00e7al\u0131\u015fmalar neticesinde konserleri dinleyen bir\u00e7ok \u00f6\u011frencimiz ya b\u0131rakt\u0131\u011f\u0131 enstr\u00fcman\u0131na yeniden ba\u015flam\u0131\u015f ya da dinleyip \u00e7ok etkilendi\u011fi bir enstr\u00fcmana ba\u015flama iste\u011fini dile getirmi\u015f, bu konuda okulumuz m\u00fczik \u00f6\u011fretmenleri taraf\u0131ndan desteklenmektedir.<\/p>\n<p><strong>T\u00f6renlerde M\u00fczi\u011fin Anlam\u0131<\/strong><\/p>\n<p>Okulumuzdaki t\u00f6renlerde m\u00fczik, anlam ve duygu katmanlar\u0131n\u0131 g\u00fc\u00e7lendirir. Mezuniyet t\u00f6renleri, \u00f6zel g\u00fcn kutlamalar\u0131 ve di\u011fer etkinliklerde m\u00fczik, \u00f6\u011frencilerin duygusal ba\u011f kurmas\u0131na yard\u0131mc\u0131 olur. Mar\u015flar, \u00f6\u011frencilere birlik ve gurur duygusu kazand\u0131rarak okul aidiyet duygusunu g\u00fc\u00e7lendirir.<\/p>\n<p><strong>Okullumuzda M\u00fczik E\u011fitimi ve \u00c7al\u0131\u015fmalar;<\/strong><\/p>\n<ul>\n<li>Meb m\u00fcfredat\u0131<\/li>\n<li>Enstr\u00fcman icra \u00e7al\u0131\u015fmalar\u0131<\/li>\n<li>M\u00fczik tarihi anlat\u0131m\u0131 ve ara\u015ft\u0131rmalar\u0131<\/li>\n<li>Solfej \u00e7al\u0131\u015fmalar\u0131<\/li>\n<li>\u00c7e\u015fitli ritim \u00e7al\u0131\u015fmalar\u0131<\/li>\n<li>\u00dcnl\u00fc bestecilerin hayatlar\u0131n\u0131 ve eserlerini tan\u0131ma<\/li>\n<li>\u00c7e\u015fitli etnik ve modern enstr\u00fcmanlar\u0131 tan\u0131ma<\/li>\n<li>Bireysel veya \u00f6\u011frenci gruplar\u0131yla m\u00fczik ara\u015ft\u0131rmalar\u0131 yapma ve topluluk \u00f6n\u00fcnde sunum<\/li>\n<li>Okul korosu \u00e7al\u0131\u015fmalar\u0131<\/li>\n<li>Okul orkestras\u0131 \u00e7al\u0131\u015fmalar\u0131<\/li>\n<li>Okul bandosu \u00e7al\u0131\u015fmalar\u0131<\/li>\n<li>Belirli g\u00fcn ve haftalarla ilgili m\u00fczik b\u00f6l\u00fcm\u00fc olarak \u00f6\u011frencilerin haz\u0131rlad\u0131\u011f\u0131 etkinlikleri seslendirme, sergileme<\/li>\n<li>M\u00fczik kul\u00fcb\u00fc \u00e7al\u0131\u015fmalar\u0131 (2023-24 e\u011fitim \u00f6\u011fretim y\u0131l\u0131nda \u201cM\u00fczik teknolojileri\u201d ve \u201cpiyano kul\u00fcb\u00fc\u201d)<\/li>\n<li>D\u00fczenli olarak ger\u00e7ekle\u015ftirilen ve haftan\u0131n m\u00fczisyeni olarak sahne alan \u00f6\u011frencilerin lobi konserleri<\/li>\n<li>Enstr\u00fcman icras\u0131, m\u00fczik ara\u015ft\u0131rmalar\u0131, t\u00f6renler, konserler gibi etkinliklerle topluluk \u00f6n\u00fcnde kendini ifade edebilme gibi \u00e7ok y\u00f6nl\u00fc bir plan \u00fczerinden \u00e7al\u0131\u015fmalar ger\u00e7ekle\u015fmektedir.<\/li>\n<\/ul>\n<p>Bu sayede zihinsel, duygusal, sosyal ve k\u00fclt\u00fcrel a\u00e7\u0131dan zenginle\u015fen \u00f6\u011frenciler, daha sa\u011fl\u0131kl\u0131, donan\u0131ml\u0131, k\u00fclt\u00fcrel birikimli bireyler olarak yeti\u015firler. M\u00fczi\u011fin bu \u00e7ok y\u00f6nl\u00fc etkileri, onu okulumuzdaki e\u011fitim programlar\u0131n\u0131n vazge\u00e7ilmez bir par\u00e7as\u0131 haline getirmektedir.<\/p>\n<\/div><\/div><\/div><div class=\"fusion-layout-column fusion_builder_column_inner fusion-builder-nested-column-1 fusion_builder_column_inner_1_3 1_3 fusion-flex-column card-1\" style=\"--awb-padding-top:24px;--awb-padding-right:24px;--awb-padding-bottom:20px;--awb-padding-left:24px;--awb-bg-color:#fafafa;--awb-bg-color-hover:#fafafa;--awb-bg-size:cover;--awb-width-large:33.333333333333%;--awb-margin-top-large:0px;--awb-spacing-right-large:5.76%;--awb-margin-bottom-large:20px;--awb-spacing-left-large:5.76%;--awb-width-medium:100%;--awb-spacing-right-medium:1.92%;--awb-spacing-left-medium:1.92%;--awb-width-small:100%;--awb-spacing-right-small:1.92%;--awb-spacing-left-small:1.92%;\"><div class=\"fusion-column-wrapper fusion-flex-justify-content-flex-start fusion-content-layout-column\"><div class=\"fusion-title title fusion-title-2 fusion-sep-none fusion-title-text fusion-title-size-four\" style=\"--awb-margin-bottom:20px;--awb-margin-top-small:10px;--awb-margin-right-small:0px;--awb-margin-bottom-small:10px;--awb-margin-left-small:0px;\"><h4 class=\"fusion-title-heading title-heading-left fusion-responsive-typography-calculated\" style=\"margin:0;--fontSize:20;--minFontSize:20;line-height:1.5;\"><h4>Akademik B\u00f6l\u00fcmler<\/h4><\/h4><\/div><div class=\"fusion-title title fusion-title-3 fusion-sep-none fusion-title-text fusion-title-size-six\" style=\"--awb-margin-top-small:10px;--awb-margin-right-small:0px;--awb-margin-bottom-small:10px;--awb-margin-left-small:0px;\"><h6 class=\"fusion-title-heading title-heading-left fusion-responsive-typography-calculated\" style=\"margin:0;--fontSize:16;--minFontSize:16;line-height:2;\"><a href=\"http:\/\/kp.k12.tr\/lise\/akademik\/akademik-bolumler\/fransizca\/\">Frans\u0131zca<\/a><br \/>\n<a href=\"http:\/\/kp.k12.tr\/lise\/akademik\/akademik-bolumler\/edebiyat\/\">T\u00fcrk Dili &amp; Edebiyat\u0131<\/a><br \/>\n<a href=\"http:\/\/kp.k12.tr\/lise\/akademik\/akademik-bolumler\/ingilizce\/\">\u0130ngilizce<\/a><br \/>\n<a href=\"http:\/\/kp.k12.tr\/lise\/akademik\/akademik-bolumler\/matematik\/\">Matematik<\/a><br \/>\n<a href=\"http:\/\/kp.k12.tr\/lise\/akademik\/akademik-bolumler\/fizik\/\">Fizik<\/a><br \/>\n<a href=\"http:\/\/kp.k12.tr\/lise\/akademik\/akademik-bolumler\/biyoloji\/\">Biyoloji<\/a><br \/>\n<a href=\"http:\/\/kp.k12.tr\/lise\/akademik\/akademik-bolumler\/tarih\/\">Tarih<\/a><br \/>\n<a href=\"http:\/\/kp.k12.tr\/lise\/akademik\/akademik-bolumler\/cografya\/\">Co\u011frafya<\/a><br \/>\n<a href=\"http:\/\/kp.k12.tr\/lise\/akademik\/akademik-bolumler\/felsefe\/\">Felsefe<\/a><br \/>\n<a href=\"http:\/\/kp.k12.tr\/lise\/akademik\/akademik-bolumler\/muzik\/\">M\u00fczik<\/a><br \/>\n<a href=\"http:\/\/kp.k12.tr\/lise\/akademik\/akademik-bolumler\/gorsel-sanatlar\/\">G\u00f6rsel Sanatlar<\/a><br \/>\n<a href=\"http:\/\/kp.k12.tr\/lise\/akademik\/akademik-bolumler\/beden-egitimi\/\">Beden E\u011fitimi<\/a><\/h6><\/div><\/div><\/div><\/div><\/div><\/div><\/div><\/div>\n","protected":false},"excerpt":{"rendered":"","protected":false},"author":6,"featured_media":0,"parent":12,"menu_order":19,"comment_status":"closed","ping_status":"closed","template":"100-width.php","meta":{"_view_id":"","footnotes":""},"class_list":["post-23","page","type-page","status-publish","hentry"],"jetpack_sharing_enabled":true,"_links":{"self":[{"href":"https:\/\/kp.k12.tr\/lise\/wp-json\/wp\/v2\/pages\/23","targetHints":{"allow":["GET"]}}],"collection":[{"href":"https:\/\/kp.k12.tr\/lise\/wp-json\/wp\/v2\/pages"}],"about":[{"href":"https:\/\/kp.k12.tr\/lise\/wp-json\/wp\/v2\/types\/page"}],"author":[{"embeddable":true,"href":"https:\/\/kp.k12.tr\/lise\/wp-json\/wp\/v2\/users\/6"}],"replies":[{"embeddable":true,"href":"https:\/\/kp.k12.tr\/lise\/wp-json\/wp\/v2\/comments?post=23"}],"version-history":[{"count":0,"href":"https:\/\/kp.k12.tr\/lise\/wp-json\/wp\/v2\/pages\/23\/revisions"}],"up":[{"embeddable":true,"href":"https:\/\/kp.k12.tr\/lise\/wp-json\/wp\/v2\/pages\/12"}],"wp:attachment":[{"href":"https:\/\/kp.k12.tr\/lise\/wp-json\/wp\/v2\/media?parent=23"}],"curies":[{"name":"wp","href":"https:\/\/api.w.org\/{rel}","templated":true}]}}