{"id":16,"date":"2018-01-18T08:07:20","date_gmt":"2018-01-18T08:07:20","guid":{"rendered":"http:\/\/kp.k12.tr\/lise\/egitim\/akademik-bolumler\/matematik\/"},"modified":"2024-03-28T20:49:37","modified_gmt":"2024-03-28T17:49:37","slug":"matematik","status":"publish","type":"page","link":"https:\/\/kp.k12.tr\/lise\/akademik\/akademik-bolumler\/matematik\/","title":{"rendered":"Matematik"},"content":{"rendered":"<div class=\"fusion-fullwidth fullwidth-box fusion-builder-row-1 fusion-flex-container nonhundred-percent-fullwidth non-hundred-percent-height-scrolling card-1\" style=\"--awb-border-radius-top-left:0px;--awb-border-radius-top-right:0px;--awb-border-radius-bottom-right:0px;--awb-border-radius-bottom-left:0px;--awb-padding-top:60px;--awb-padding-bottom:60px;--awb-flex-wrap:wrap;\" ><div class=\"fusion-builder-row fusion-row fusion-flex-align-items-flex-start fusion-flex-content-wrap\" style=\"max-width:1144px;margin-left: calc(-4% \/ 2 );margin-right: calc(-4% \/ 2 );\"><div class=\"fusion-layout-column fusion_builder_column fusion-builder-column-0 fusion_builder_column_1_1 1_1 fusion-flex-column card-1\" style=\"--awb-padding-top:5%;--awb-padding-right:5%;--awb-padding-bottom:5%;--awb-padding-left:5%;--awb-bg-color:#ffffff;--awb-bg-color-hover:#ffffff;--awb-bg-size:cover;--awb-width-large:100%;--awb-margin-top-large:0px;--awb-spacing-right-large:1.92%;--awb-margin-bottom-large:0px;--awb-spacing-left-large:1.92%;--awb-width-medium:100%;--awb-spacing-right-medium:1.92%;--awb-spacing-left-medium:1.92%;--awb-width-small:100%;--awb-spacing-right-small:1.92%;--awb-spacing-left-small:1.92%;\"><div class=\"fusion-column-wrapper fusion-flex-justify-content-flex-start fusion-content-layout-column\"><div class=\"fusion-builder-row fusion-builder-row-inner fusion-row fusion-flex-align-items-flex-start fusion-flex-content-wrap\" style=\"--awb-flex-grow:0;--awb-flex-grow-medium:0;--awb-flex-grow-small:0;--awb-flex-shrink:0;--awb-flex-shrink-medium:0;--awb-flex-shrink-small:0;width:104% !important;max-width:104% !important;margin-left: calc(-4% \/ 2 );margin-right: calc(-4% \/ 2 );\"><div class=\"fusion-layout-column fusion_builder_column_inner fusion-builder-nested-column-0 fusion_builder_column_inner_2_3 2_3 fusion-flex-column\" style=\"--awb-bg-size:cover;--awb-width-large:66.666666666667%;--awb-margin-top-large:0px;--awb-spacing-right-large:2.88%;--awb-margin-bottom-large:20px;--awb-spacing-left-large:2.88%;--awb-width-medium:100%;--awb-spacing-right-medium:1.92%;--awb-spacing-left-medium:1.92%;--awb-width-small:100%;--awb-spacing-right-small:1.92%;--awb-spacing-left-small:1.92%;\"><div class=\"fusion-column-wrapper fusion-flex-justify-content-flex-start fusion-content-layout-column\"><div class=\"fusion-title title fusion-title-1 fusion-sep-none fusion-title-text fusion-title-size-one\" style=\"--awb-margin-bottom:20px;--awb-margin-top-small:10px;--awb-margin-right-small:0px;--awb-margin-bottom-small:10px;--awb-margin-left-small:0px;\"><h1 class=\"fusion-title-heading title-heading-left fusion-responsive-typography-calculated\" style=\"margin:0;--fontSize:30;line-height:1.4;\">Matematik<\/h1><\/div><div class=\"fusion-text fusion-text-1\"><p>Matematik B\u00f6l\u00fcm\u00fcnde, \u00f6\u011frencilerin, matematiksel d\u00fc\u015f\u00fcnme becerilerinin, mant\u0131ksal ak\u0131l y\u00fcr\u00fctme yeteneklerinin ve problem \u00e7\u00f6zme becerilerinin geli\u015fimi ama\u00e7lan\u0131r. Ayn\u0131 zamanda matemati\u011fin g\u00fcnl\u00fck ya\u015famdaki yeri ve kariyer se\u00e7enekleri hakk\u0131nda bilgi edinmeleri sa\u011flan\u0131r.<\/p>\n<p>Her sene \u00e7e\u015fitli ba\u015far\u0131lar kazan\u0131lan Castor ve Kanguru gibi yar\u0131\u015fmalarda \u00f6\u011frencilerimiz, kazand\u0131klar\u0131 sertifikalarla kendilerini geli\u015ftirmeye te\u015fvik edilirler.<\/p>\n<p>B\u00f6l\u00fcmde d\u00f6rt ana konu ba\u015fl\u0131\u011f\u0131 alt\u0131nda \u00e7al\u0131\u015fmalar y\u00fcr\u00fct\u00fcl\u00fcr:<\/p>\n<ol>\n<li>Say\u0131lar ve \u0130\u015flemler: \u00d6\u011frenciler, temel say\u0131 kavramlar\u0131na h\u00e2kim olurlar. Do\u011fal Say\u0131lar, Tam Say\u0131lar, Rasyonel Say\u0131lar, \u0130rrasyonel Say\u0131lar, Karma\u015f\u0131k Say\u0131lar gibi farkl\u0131 say\u0131 tiplerini ve bu say\u0131larla yap\u0131labilen i\u015flemleri \u00f6\u011frenirler.<\/li>\n<li>Cebir: Matematiksel ifadelerin sembollerle temsil edilerek analiz edilmesini sa\u011flayan bu alanda \u00f6\u011frenciler, denklem ve e\u015fitsizlik \u00e7\u00f6zmeyi \u00f6\u011frenir, ileri seviyelerde trigonometri, logaritma, t\u00fcrev ve integral konular\u0131na hakimiyet kazan\u0131rlar.<\/li>\n<li>Geometri: \u0130ki ve \u00fc\u00e7 boyutlu \u015fekillerin \u00f6zelliklerini ve ili\u015fkilerini inceleyerek \u00f6\u011frencilerin, soyut ve g\u00f6rsel d\u00fc\u015f\u00fcnme becerileri ile mek\u00e2nsal alg\u0131lar\u0131n\u0131n geli\u015fimi hedeflenir.<\/li>\n<li>\u0130statistik ve Olas\u0131l\u0131k: Bilimsel alanlar\u0131n temelini olu\u015fturan bu alanda, verilerin analiz edilmesi, yorumlanmas\u0131 ve olas\u0131l\u0131klar\u0131n hesaplanmas\u0131 \u00e7al\u0131\u015f\u0131larak veriye dayal\u0131 karar alma ve karar s\u00fcre\u00e7lerinin iyile\u015ftirilmesi ile ilgili becerilerin kazand\u0131r\u0131lmas\u0131 hedeflenir.<\/li>\n<\/ol>\n<p>T\u00fcrkiye\u2019de Y\u00fcksek \u00d6\u011fretim Kurumlar\u0131 S\u0131nav\u0131 (YKS) gibi s\u0131navlar, matematik alan\u0131nda geni\u015f kapsaml\u0131 bir de\u011ferlendirme yapar. Lise boyunca \u00f6\u011fretilen konular ve \u00f6\u011fretim y\u00f6ntemleri, \u00f6\u011frencilerin \u00fcniversite s\u0131navlar\u0131nda kar\u015f\u0131la\u015faca\u011f\u0131 sorular a\u00e7\u0131s\u0131ndan \u00f6nemli bir haz\u0131rl\u0131k niteli\u011findedir.<\/p>\n<p>Ayr\u0131ca matematik program\u0131m\u0131z, yurt d\u0131\u015f\u0131nda, \u00f6zellikle temel bilimler, m\u00fchendislik, ekonomi gibi b\u00f6l\u00fcmleri tercih edecek \u00f6\u011frenciler i\u00e7in gerekli temeli olu\u015fturur.<\/p>\n<p>Fransa\u2019da Baccalaur\u00e9at s\u0131nav\u0131na e\u015fde\u011fer bir Frans\u0131zca matematik e\u011fitimi ile \u00f6\u011frencilerimiz yurt d\u0131\u015f\u0131nda (Avrupa, Kanada ve Amerika ba\u015fta olmak \u00fczere) Post-Bac e\u011fitimlerini ba\u015far\u0131 ile s\u00fcrd\u00fcrmektedir.<\/p>\n<\/div><\/div><\/div><div class=\"fusion-layout-column fusion_builder_column_inner fusion-builder-nested-column-1 fusion_builder_column_inner_1_3 1_3 fusion-flex-column card-1\" style=\"--awb-padding-top:24px;--awb-padding-right:24px;--awb-padding-bottom:20px;--awb-padding-left:24px;--awb-bg-color:#fafafa;--awb-bg-color-hover:#fafafa;--awb-bg-size:cover;--awb-width-large:33.333333333333%;--awb-margin-top-large:40px;--awb-spacing-right-large:5.76%;--awb-margin-bottom-large:20px;--awb-spacing-left-large:5.76%;--awb-width-medium:100%;--awb-spacing-right-medium:1.92%;--awb-spacing-left-medium:1.92%;--awb-width-small:100%;--awb-spacing-right-small:1.92%;--awb-spacing-left-small:1.92%;\"><div class=\"fusion-column-wrapper fusion-flex-justify-content-flex-start fusion-content-layout-column\"><div class=\"fusion-title title fusion-title-2 fusion-sep-none fusion-title-text fusion-title-size-four\" style=\"--awb-margin-bottom:20px;--awb-margin-top-small:10px;--awb-margin-right-small:0px;--awb-margin-bottom-small:10px;--awb-margin-left-small:0px;\"><h4 class=\"fusion-title-heading title-heading-left fusion-responsive-typography-calculated\" style=\"margin:0;--fontSize:20;--minFontSize:20;line-height:1.5;\"><h4>Akademik B\u00f6l\u00fcmler<\/h4><\/h4><\/div><div class=\"fusion-title title fusion-title-3 fusion-sep-none fusion-title-text fusion-title-size-six\" style=\"--awb-margin-top-small:10px;--awb-margin-right-small:0px;--awb-margin-bottom-small:10px;--awb-margin-left-small:0px;\"><h6 class=\"fusion-title-heading title-heading-left fusion-responsive-typography-calculated\" style=\"margin:0;--fontSize:16;--minFontSize:16;line-height:2;\"><a href=\"http:\/\/kp.k12.tr\/lise\/akademik\/akademik-bolumler\/fransizca\/\">Frans\u0131zca<\/a><br \/>\n<a href=\"http:\/\/kp.k12.tr\/lise\/akademik\/akademik-bolumler\/edebiyat\/\">T\u00fcrk Dili &amp; Edebiyat\u0131<\/a><br \/>\n<a href=\"http:\/\/kp.k12.tr\/lise\/akademik\/akademik-bolumler\/ingilizce\/\">\u0130ngilizce<\/a><br \/>\n<a href=\"http:\/\/kp.k12.tr\/lise\/akademik\/akademik-bolumler\/matematik\/\">Matematik<\/a><br \/>\n<a href=\"http:\/\/kp.k12.tr\/lise\/akademik\/akademik-bolumler\/fizik\/\">Fizik<\/a><br \/>\n<a href=\"http:\/\/kp.k12.tr\/lise\/akademik\/akademik-bolumler\/biyoloji\/\">Biyoloji<\/a><br \/>\n<a href=\"http:\/\/kp.k12.tr\/lise\/akademik\/akademik-bolumler\/tarih\/\">Tarih<\/a><br \/>\n<a href=\"http:\/\/kp.k12.tr\/lise\/akademik\/akademik-bolumler\/cografya\/\">Co\u011frafya<\/a><br \/>\n<a href=\"http:\/\/kp.k12.tr\/lise\/akademik\/akademik-bolumler\/felsefe\/\">Felsefe<\/a><br \/>\n<a href=\"http:\/\/kp.k12.tr\/lise\/akademik\/akademik-bolumler\/muzik\/\">M\u00fczik<\/a><br \/>\n<a href=\"http:\/\/kp.k12.tr\/lise\/akademik\/akademik-bolumler\/gorsel-sanatlar\/\">G\u00f6rsel Sanatlar<\/a><br \/>\n<a href=\"http:\/\/kp.k12.tr\/lise\/akademik\/akademik-bolumler\/beden-egitimi\/\">Beden E\u011fitimi<\/a><\/h6><\/div><\/div><\/div><\/div><\/div><\/div><\/div><\/div>\n","protected":false},"excerpt":{"rendered":"","protected":false},"author":6,"featured_media":0,"parent":12,"menu_order":12,"comment_status":"closed","ping_status":"closed","template":"100-width.php","meta":{"_view_id":"","footnotes":""},"class_list":["post-16","page","type-page","status-publish","hentry"],"jetpack_sharing_enabled":true,"_links":{"self":[{"href":"https:\/\/kp.k12.tr\/lise\/wp-json\/wp\/v2\/pages\/16","targetHints":{"allow":["GET"]}}],"collection":[{"href":"https:\/\/kp.k12.tr\/lise\/wp-json\/wp\/v2\/pages"}],"about":[{"href":"https:\/\/kp.k12.tr\/lise\/wp-json\/wp\/v2\/types\/page"}],"author":[{"embeddable":true,"href":"https:\/\/kp.k12.tr\/lise\/wp-json\/wp\/v2\/users\/6"}],"replies":[{"embeddable":true,"href":"https:\/\/kp.k12.tr\/lise\/wp-json\/wp\/v2\/comments?post=16"}],"version-history":[{"count":0,"href":"https:\/\/kp.k12.tr\/lise\/wp-json\/wp\/v2\/pages\/16\/revisions"}],"up":[{"embeddable":true,"href":"https:\/\/kp.k12.tr\/lise\/wp-json\/wp\/v2\/pages\/12"}],"wp:attachment":[{"href":"https:\/\/kp.k12.tr\/lise\/wp-json\/wp\/v2\/media?parent=16"}],"curies":[{"name":"wp","href":"https:\/\/api.w.org\/{rel}","templated":true}]}}